at is the highest common divisor of 224 and 10191958?
14
Calculate the greatest common factor of 423760 and 29520.
80
Calculate the greatest common divisor of 1976 and 14120344.
152
Calculate the greatest common factor of 9097 and 245047.
11
Calculate the greatest common divisor of 2711 and 16978993.
2711
What is the greatest common factor of 1750547 and 1174317?
1987
Calculate the greatest common divisor of 1416 and 181651324.
236
What is the highest common factor of 11132754 and 12291?
723
Calculate the highest common divisor of 300648 and 1440.
24
Calculate the greatest common divisor of 448855107 and 1767.
1767
Calculate the greatest common divisor of 5068 and 926719276.
5068
What is the greatest common factor of 11924380 and 351?
13
What is the highest common divisor of 5150 and 11549800?
50
Calculate the highest common divisor of 107677232 and 150800.
6032
What is the greatest common factor of 1995 and 31865869?
133
Calculate the greatest common divisor of 8985 and 344240508.
1797
Calculate the highest common factor of 1574245 and 133.
19
Calculate the highest common factor of 53689824 and 16.
16
What is the greatest common factor of 98016637 and 75119?
6829
What is the greatest common factor of 137247768 and 648?
72
Calculate the highest common factor of 25026798 and 463908.
3462
What is the highest common factor of 26861675 and 5875?
1175
Calculate the greatest common divisor of 4 and 7286828.
4
Calculate the highest common divisor of 6120610 and 1440.
10
What is the greatest common factor of 185550 and 1875?
75
Calculate the highest common factor of 936 and 43567875.
117
What is the highest common factor of 1073435638 and 3219?
1073
What is the greatest common factor of 14151 and 18554505?
159
Calculate the highest common factor of 335970264 and 2621.
2621
Calculate the highest common divisor of 3828 and 161008.
116
Calculate the greatest common factor of 6061 and 952215.
319
Calculate the highest common factor of 645 and 193545.
15
Calculate the highest common factor of 3464277 and 561.
51
What is the greatest common factor of 235595250 and 30096?
3762
What is the highest common factor of 8540 and 932260?
140
What is the highest common factor of 6260 and 56900?
20
What is the greatest common factor of 136 and 1300381?
17
What is the greatest common factor of 3282741 and 135?
27
What is the greatest common divisor of 4332855 and 2033?
19
Calculate the greatest common factor of 106468752 and 1759.
1759
Calculate the highest common factor of 1532936 and 37469.
89
Calculate the highest common factor of 88330 and 241630.
730
Calculate the highest common divisor of 89410 and 96470.
10
Calculate the greatest common factor of 1671722 and 38194.
2938
What is the greatest common divisor of 1337550 and 7030?
370
What is the greatest common divisor of 678314 and 4823?
91
What is the highest common factor of 9846914 and 304612?
6622
Calculate the highest common factor of 4583131 and 1177.
107
Calculate the highest common factor of 20 and 86810860.
20
What is the highest common factor of 7352854 and 8048?
1006
What is the greatest common factor of 8624798 and 1274?
182
What is the greatest common factor of 745657 and 3?
1
What is the greatest common divisor of 15 and 20605650?
15
What is the highest common divisor of 21316057 and 84266?
3241
Calculate the greatest common divisor of 2485081 and 1472.
23
What is the highest common divisor of 324 and 190975563?
81
Calculate the highest common divisor of 9271045 and 1185.
395
What is the greatest common divisor of 808477600 and 165600?
18400
Calculate the greatest common divisor of 13006 and 49966.
14
What is the highest common divisor of 3458 and 106689674?
3458
Calculate the highest common divisor of 420 and 2061440.
20
Calculate the greatest common factor of 16934489 and 143.
143
What is the greatest common divisor of 34704 and 710950?
482
What is the highest common factor of 1240371 and 1485?
99
Calculate the greatest common factor of 2259 and 2393.
1
What is the highest common divisor of 132823540 and 240?
20
Calculate the highest common divisor of 17996 and 18678.
22
Calculate the highest common divisor of 760 and 573288.
8
Calculate the highest common divisor of 928 and 20833368.
232
What is the greatest common divisor of 804 and 3284620?
4
What is the greatest common factor of 648186 and 652694?
322
Calculate the highest common divisor of 20147928 and 8.
8
Calculate the highest common divisor of 17515 and 33264375.
565
Calculate the highest common divisor of 2630370 and 75.
15
What is the highest common divisor of 1256662620 and 1080?
540
What is the highest common factor of 3598275 and 30?
15
What is the highest common factor of 3267 and 431123?
121
What is the highest common factor of 17256 and 1608?
24
Calculate the greatest common divisor of 2502 and 153826713.
1251
What is the highest common divisor of 1912 and 10702420?
956
What is the greatest common divisor of 281082 and 4266?
474
Calculate the highest common divisor of 1176 and 4206846.
294
Calculate the highest common divisor of 28 and 195888119.
7
Calculate the greatest common factor of 10452 and 1412971911.
2613
What is the highest common factor of 157421 and 1617?
11
Calculate the highest common divisor of 1095 and 48514851.
219
What is the highest common divisor of 7434 and 20097288?
1062
What is the highest common factor of 1767935 and 585?
65
Calculate the greatest common divisor of 1061971 and 817.
43
What is the greatest common factor of 486 and 475026?
6
What is the highest common factor of 16 and 3201552?
16
What is the highest common divisor of 671760 and 1620?
540
What is the greatest common divisor of 11355360 and 36?
12
What is the highest common factor of 71139914 and 437?
19
What is the highest common factor of 371907651 and 155421?
7401
Calculate the greatest common divisor of 2516 and 518772.
68
Calculate the highest common factor of 1960 and 954884.
28
Calculate the highest common divisor of 514767734 and 13.
13
Calculate the highest common divisor of 20960 and 57278440.
5240
What is the highest common divisor of 9 and 85793463?
9
Calculate the highest common factor of 1560 and 433880.
40
What is the highest common divisor of 64834 and 39103743?
2947
Calculate the highest common divisor of 88680 and 351720.
120
What is the highest common factor of 2496312 and 2540?
508
Calculate the highest common divisor of 5290 and 124412865.
2645
What is the greatest common factor of 474 and 1265902004?
158
What is the greatest common factor of 437542 and 574?
14
What is the highest common factor of 203164024 and 56?
56
Calculate the greatest common divisor of 307930 and 94122.
1162
What is the greatest common divisor of 92258 and 270548?
566
Calculate the highest common divisor of 698418 and 6969.
69
Calculate the greatest common divisor of 1519 and 5209736.
217
What is the greatest common divisor of 506 and 201484922?
46
What is the greatest common divisor of 18 and 309837051?
9
Calculate the highest common factor of 383101310 and 10.
10
Calculate the greatest common divisor of 8753700 and 300.
300
What is the greatest common factor of 24926733 and 5652?
1413
What is the greatest common divisor of 180 and 1886212?
4
Calculate the highest common factor of 772954 and 910.
182
What is the greatest common divisor of 10578695 and 85555?
1205
What is the greatest common divisor of 7960 and 2841919?
199
Calculate the greatest common divisor of 70267 and 2563542.
29
What is the greatest common divisor of 295803 and 2139?
69
What is the greatest common divisor of 2352 and 18327568?
784
Calculate the highest common factor of 23306426 and 13.
13
What is the greatest common factor of 135814 and 287644?
14
What is the highest common factor of 12230284 and 88?
44
Calculate the greatest common divisor of 503001 and 54369.
9
Calculate the greatest common divisor of 3840 and 3288.
24
What is the highest common factor of 11292 and 7944?
12
Calculate the highest common factor of 36502 and 926.
2
What is the highest common factor of 17675 and 1075?
25
Calculate the greatest common factor of 71799 and 15743.
91
Calculate the highest common divisor of 112 and 10340918.
14
What is the greatest common factor of 10770 and 315198410?
3590
Calculat